In base 12, what is 5 + b67b?
b684
In base 4, what is 11 + 310020?
310031
In base 8, what is -4 + 7641?
7635
In base 3, what is -121 - 102000?
-102121
In base 12, what is -143192 - -2?
-143190
In base 7, what is -1050400 + -24?
-1050424
In base 2, what is 1010111111010 + 10010?
1011000001100
In base 13, what is -c - -2343?
2334
In base 16, what is 1f - 45c9?
-45aa
In base 4, what is -2322 + -11102?
-20030
In base 11, what is 3164 + 5?
3169
In base 10, what is 584147 + 5?
584152
In base 3, what is -2010211 - 2110110?
-11121021
In base 14, what is 8a0 - -4?
8a4
In base 13, what is -aa - 43?
-120
In base 6, what is 4 + -22215?
-22211
In base 15, what is -1 + 2bc83?
2bc82
In base 4, what is 103100312 + 10?
103100322
In base 15, what is 4 - -115b82?
115b86
In base 4, what is -23 + 233?
210
In base 8, what is -547 - 46670?
-47437
In base 16, what is -b + 5c81?
5c76
In base 10, what is 5 + 21181?
21186
In base 7, what is -56312 + -134?
-56446
In base 13, what is -1 + 3661?
3660
In base 10, what is -1438 + 52?
-1386
In base 13, what is -177 - 17?
-191
In base 8, what is -1537 - -56?
-1461
In base 5, what is -4 + 310114?
310110
In base 15, what is e69 + -1bd?
c9b
In base 12, what is 14515b + -2?
145159
In base 13, what is -38c - 7?
-396
In base 13, what is 2098 - 6?
2092
In base 11, what is -29 + 4621?
45a3
In base 10, what is -228 - 156?
-384
In base 3, what is 210 - -2122100020?
2122101000
In base 13, what is -29472 + -2?
-29474
In base 10, what is -161 - -19?
-142
In base 12, what is 1a74 + -5?
1a6b
In base 13, what is 138 + 228?
363
In base 2, what is -10000 - -111111?
101111
In base 9, what is -25023 - -3?
-25020
In base 13, what is -15057b3 + -3?
-15057b6
In base 13, what is 4 + 86a96?
86a9a
In base 11, what is 33 - -3074?
30a7
In base 8, what is 7 + -6406?
-6377
In base 7, what is 605652 + -5?
605644
In base 12, what is 81133 + 4?
81137
In base 8, what is -5014231 - 4?
-5014235
In base 14, what is 5500a5 - 4?
5500a1
In base 9, what is -3173 - 65?
-3248
In base 8, what is -4 + 1702512?
1702506
In base 2, what is 10011000100 - 100000010?
1111000010
In base 5, what is 23312 + -1243?
22014
In base 5, what is -24 - 131421323?
-131421402
In base 4, what is -103 + 333211?
333102
In base 11, what is 358 - 4177?
-391a
In base 6, what is -5 - -433224?
433215
In base 15, what is -2 + -7257?
-7259
In base 6, what is -113 - 4512?
-5025
In base 15, what is -2cc + -45?
-322
In base 4, what is -3112333 - -2?
-3112331
In base 8, what is 1 - 137756?
-137755
In base 16, what is 489 + 17c?
605
In base 14, what is 317 - 18?
2dd
In base 16, what is 3 - -4fe8?
4feb
In base 7, what is -1512 - 1205?
-3020
In base 13, what is 1 - a780?
-a77c
In base 7, what is 1342 - -115?
1460
In base 7, what is 2465 + -34?
2431
In base 3, what is -200 + -121002201?
-121010101
In base 15, what is -51 - -3a9?
358
In base 6, what is -121415154 - -5?
-121415145
In base 2, what is -1101000 + -1000110010?
-1010011010
In base 4, what is -222 - 20013221?
-20020103
In base 6, what is 4140451 - -5?
4140500
In base 14, what is 2 - 164d05?
-164d03
In base 6, what is -353411 + 0?
-353411
In base 10, what is -6466 + 262?
-6204
In base 14, what is -3185 - 5?
-318a
In base 6, what is -1205225 + -150?
-1205415
In base 16, what is -212d + -8?
-2135
In base 4, what is 12021331 - 30?
12021301
In base 10, what is -49 - 538?
-587
In base 8, what is 1 - -412364?
412365
In base 12, what is -3 + -379?
-380
In base 16, what is 4 - 11313?
-1130f
In base 12, what is -a9826a - -3?
-a98267
In base 12, what is -b - -26977?
26968
In base 14, what is 194 - d5?
9d
In base 6, what is 13 + -544?
-531
In base 5, what is 20 - -32430000?
32430020
In base 7, what is 14 + 133403?
133420
In base 12, what is -9082 - 1?
-9083
In base 16, what is d + -d3a1?
-d394
In base 8, what is -6763 + -1034?
-10017
In base 4, what is 10 - -3121323223?
3121323233
In base 11, what is 1256a + 5?
12574
In base 3, what is 12 + -1011111011?
-1011110222
In base 6, what is 55434 - 4?
55430
In base 9, what is -8 - -3304?
3285
In base 13, what is -597a + 4?
-5976
In base 8, what is 2 - -261420?
261422
In base 4, what is -2 + 10120313?
10120311
In base 5, what is 4 + 1003144?
1003203
In base 2, what is -11 - -1111111100011?
1111111100000
In base 12, what is 1 + 1a18?
1a19
In base 13, what is 104b1 + 85?
10566
In base 12, what is -4 + -6332?
-6336
In base 2, what is -1000011110001 + 111000?
-1000010111001
In base 15, what is 22327b - -5?
223281
In base 5, what is -444 + -14143?
-20142
In base 12, what is 1 - -205371?
205372
In base 8, what is -146627 + 0?
-146627
In base 14, what is 22d9 - -23?
231c
In base 2, what is 10100 - -1111000100?
1111011000
In base 16, what is 23d + -4de?
-2a1
In base 6, what is 242 + -510?
-224
In base 9, what is -3 + 14353?
14350
In base 16, what is -4c - -27c?
230
In base 12, what is b31 - -28?
b59
In base 8, what is -12617560 - 5?
-12617565
In base 12, what is 5 + -45?
-40
In base 6, what is -534 - 234?
-1212
In base 16, what is -4 + 1e0?
1dc
In base 12, what is -877 - 50?
-907
In base 10, what is 23 - -5505?
5528
In base 3, what is 102001 - 121?
101110
In base 11, what is 13 - -78a0?
7903
In base 6, what is -41400504 + -4?
-41400512
In base 8, what is -424223 - -4?
-424217
In base 5, what is 221232233 - -10?
221232243
In base 4, what is 11 + 20030231?
20030302
In base 15, what is -4 + -150dd?
-150e2
In base 6, what is 3050 - 130?
2520
In base 16, what is 5109f + 3?
510a2
In base 5, what is -12 + 21430242?
21430230
In base 8, what is 234646 + -3?
234643
In base 13, what is 73 + 43c?
4b2
In base 16, what is -482 + -58?
-4da
In base 8, what is -2736 - 21?
-2757
In base 15, what is 33dc + -3?
33d9
In base 11, what is -81 - 9?
-8a
In base 11, what is -1172 + 37?
-1136
In base 6, what is 5 + 411021?
411030
In base 8, what is -5 + 75060?
75053
In base 16, what is -2 + -255f?
-2561
In base 11, what is -285682 - -5?
-285678
In base 14, what is -21a + 897?
67b
In base 4, what is -23012 + -1023?
-30101
In base 6, what is -133344 + -3?
-133351
In base 3, what is 120 - 12222120220?
-12222120100
In base 2, what is 10100 - -1111000110101?
1111001001001
In base 12, what is 205 - -112?
317
In base 3, what is -1221221 + 2200011?
201020
In base 13, what is -2 + 1a02?
1a00
In base 6, what is 13014503 + 2?
13014505
In base 3, what is -1010102 + -120122?
-1201001
In base 13, what is -18b49 + -4?
-18b50
In base 11, what is 9 + -4946?
-4938
In base 11, what is -1637a6 + -8?
-163803
In base 4, what is 123330 + 22313?
212303
In base 10, what is -63 + 188?
125
In base 11, what is 0 - 29a3?
-29a3
In base 7, what is -1553 - 541?
-2424
In base 6, what is -104 - 2?
-110
In base 13, what is -39c + 35?
-367
In base 7, what is 10 + 2305?
2315
In base 3, what is 220112221122 - -1?
220112221200
In base 3, what is 211101200 + 221?
211102121
In base 15, what is 6a1 - -20?
6c1
In base 16, what is 5 + 246c?
2471
In base 15, what is -4 - 19a39b?
-19a3a0
In base 16, what is 67 - -b2?
119
In base 3, what is -1002020100 + 22?
-1002020001
In base 8, what is -7127 - -110?
-7017
In base 14, what is 11253a + 0?
11253a
In base 6, what is 2431235 + 3?
2431242
In base 7, what is 1602242 - -2?
1602244
In base 11, what is 8a195 + 5?
8a19a
In base 6, what is 111150 + 2503?
114053
In base 15, what is -8e - -149?
aa
In base 5, what is 1 - 1411331?
-1411330
In base 9, what is 6 + -17776?
-17770
In base 6, what is -400125 - 1?
-400130
In base 13, what is 2 - 27b92?
-27b90
In base 4, what is -1 - 122311?
-122312
In base 15, what is -1 + -25e6?
-25e7
In base 14, what is -b + 3048?
303b
In base 3, what is -11 - 211110100?
-211110111
In base 2, what is -1010110000101011101 + -1?
-1010110000101011110
In base 5, what is -231 - -300?
14
In base 3, what is -12 + 200212101?
200212012
In base 8, what is -76 - 11151?
-11247
In base 2, what is -10010000001001 - -110001?
-10001111011000
In base 14, what is -1d + -cdb?
-d1a
In base 11, what is -a + -7371?
-7380
In base 2, what is -10 + 111010001000?
111010000110
In base 13, what is 1 - 142151?
-142150
In base 5, what is 11331 + -12234?
-403
In base 3, what is 11202211112 + 202?
11202212021
In base 2, what is -1001 - -11110100111?
11110011110
In base 3, what is -1000 + 20210200?
20202200
In base 12, what is 0 + -3361b?
-3361b
In base 6, wh